r of n and 1.
1
Suppose -125 = -4*x + f, -2*x - 5*f + 95 = 2*x. Let b be 10 + (-1584)/154 + (-634)/(-14). What is the greatest common divisor of x and b?
15
Let j be (-1 + 2 + -3)*-3*91/39. Calculate the highest common factor of 1099 and j.
7
Let z(h) = -2*h**3 + 4*h**2 + 20*h - 24. Let i be z(-3). Calculate the greatest common factor of 31 and i.
1
Let x be 73008/66 + (-9)/(-11) + -1. Let g be (-2)/(4 + x/(-276)). Calculate the greatest common factor of g and 12.
12
Let x be (-2)/(-3 - (3 - 2 - 3)). Suppose -96 = -l - x*y + y, 0 = -5*l - y + 480. What is the greatest common divisor of 6 and l?
6
Let l be 34/(-2) - (-73 - -63) - -47. Suppose 0 = -y + g + 204, 5*g = -3*y + 19 + 561. Calculate the greatest common factor of l and y.
40
Let b be -16 + 3*(-2628)/(-54). What is the highest common divisor of 455 and b?
65
Let o = 16 + 3. Let s(b) = -57*b + 8*b**2 - 7 + 86*b - 41*b. Let y be s(6). Calculate the highest common divisor of y and o.
19
Suppose 1799*t - 1801*t = -110. Calculate the greatest common divisor of 2695 and t.
55
Suppose 9*s - 6*s = -3*a + 60, 61 = 3*a + 4*s. Suppose -3*h + 3*y + 5 = -16, 0 = -2*h + y + a. Calculate the greatest common factor of 192 and h.
12
Let j(g) = 5*g**2 + 2*g + 2. Let u be j(-1). Suppose u*k - 12 = 8. Suppose 91*i - 54 = 82*i. What is the highest common divisor of k and i?
2
Let z = 2183 - -443. What is the greatest common factor of z and 808?
202
Let y(t) = -2*t**2 + 97*t + 860. Let h be y(56). Calculate the greatest common factor of 605 and h.
5
Suppose 0 = 4*d - 4*l - 5900, -d - 5*l + 7*l + 1474 = 0. What is the highest common factor of d and 1640?
164
Suppose -27 = -6*z + 177. Suppose -s - s = -z. Calculate the highest common divisor of s and 153.
17
Let p = 413 - 286. Let l = -118 + p. Suppose 0 = -3*i + 12, 5*h - i = 4*i + 385. What is the greatest common factor of h and l?
9
Let n = 1465 - 1464. Let d(y) = 6*y**3 + y**2 + 3*y + 2. Let z be d(-1). Let a be ((-4)/z)/((-6)/(-9)). Calculate the greatest common divisor of a and n.
1
Let a = 11740 + -7826. What is the highest common divisor of a and 38?
38
Let p(u) = 593*u**2 - 23*u - 2. Let h be p(4). Calculate the highest common divisor of 154 and h.
154
Let j = 39 - -2469. What is the greatest common factor of 33 and j?
33
Let f = 7 + 9. Suppose 8*q = 386 + 126. Suppose -g + f = -q. Calculate the greatest common divisor of g and 40.
40
Suppose 0 = -3*m - 2*m + 15. Suppose v - 1 = 0, 10*v + 9 = 2*t + 9*v. Let u be ((-36)/t)/((-15)/50). Calculate the highest common factor of u and m.
3
Suppose -2*s - 13 = -4*h + 3*s, 4*s + 14 = 5*h. Let p be (4/h)/((-198)/50 - -4). Let c be (16 + 4)/(1 + 1). What is the greatest common divisor of p and c?
10
Suppose -3 = -2*s - 5*n, -5*s - 2*n = 1 + 2. Let b be s*(6 + -3) - -7. What is the greatest common factor of 100 and b?
4
Let c be (144/(-42))/4 + 86728/259. What is the greatest common factor of c and 3?
1
Let v(t) be the first derivative of -3*t**2/2 + 139*t - 54. Let f be v(28). Calculate the highest common divisor of 143 and f.
11
Let j be (((-2304)/(-27))/(-16))/((-2)/(-3)). Let k be j/(-10) - (-2960)/50. What is the greatest common divisor of k and 140?
20
Suppose 8*c - 13*c + 240 = 0. Let w be 56/c*-40*30/(-8). What is the highest common divisor of 25 and w?
25
Suppose 14*r + 9456 - 9526 = 0. Let n(b) = -12*b - 2. Let u be n(2). Let j = 91 + u. Calculate the greatest common divisor of j and r.
5
Let c be 24/9 - 2 - (-652)/(-6). Let s be ((c/(-15))/(-9))/(1/(-360)). Suppose v = -0*v + 32. Calculate the greatest common divisor of v and s.
32
Let x be ((2/(-12))/(5/(-14385)))/((-1)/(-6)). What is the highest common divisor of x and 42?
21
Let o be -39 - -1806 - (-8 + 6). Calculate the highest common divisor of o and 488.
61
Let r be (-538630)/(-21) + (-205)/4305. Calculate the greatest common divisor of 13 and r.
13
Suppose -3*f = 5*s - 42, 5*s - s - 5*f - 4 = 0. Suppose 4*w + 1176 = -2536. Let l be (-18)/27 - w/s. What is the highest common divisor of l and 14?
14
Let w(r) = 10*r + 231. Let d = 203 + -221. Let h be w(d). Calculate the highest common factor of 34 and h.
17
Let s = 149 - 114. Let o = -132 - -692. What is the greatest common factor of o and s?
35
Let p(n) = 2*n**3 - 6*n**2 + 4*n - 3. Let h be p(4). Let d be (5/7*(1 + 3))/(42/441). Calculate the highest common divisor of h and d.
15
Let o = 140 - 372. Let v = 672 + o. What is the greatest common factor of 20 and v?
20
Suppose -4*x + 1017 = 137*u - 140*u, 5*u = 5*x - 1275. Calculate the highest common factor of x and 180.
36
Let y(r) = r**3 + 7*r**2 + 6*r - 3. Suppose -q + 10 - 7 = 0. Suppose f + q = -2. Let u be y(f). Calculate the greatest common divisor of 119 and u.
17
Suppose -4*g + 715 = -938*j + 943*j, 715 = 5*j - g. Calculate the greatest common factor of 704 and j.
11
Let o = 4850 + -4606. Calculate the greatest common divisor of 4514 and o.
122
Suppose t - 25 = 2*q, -195 = -5*t + 2*q - 38. Suppose g = 0, 28*x = t*x - g - 350. What is the highest common factor of x and 56?
14
Let j be 116*-6*1/(-3). Let u be ((-12)/(-18))/(-5 - (-488)/96). Calculate the greatest common factor of j and u.
8
Suppose -10*f + 455 = -17*f. Let d = f + 93. What is the highest common factor of 12 and d?
4
Let p = -122 - -105. Let l = 22 + p. Suppose -4*w = l*h - 442, 5*w - w + 98 = h. Calculate the highest common factor of h and 36.
18
Let y = -43709 + 43770. What is the greatest common divisor of y and 56486?
61
Suppose -48*b - 228456 = -86*b. Calculate the greatest common factor of 36 and b.
36
Suppose 0 = 3*x - 4*f - 71, -x - 7*f + 8*f = -23. Let v = x + -16. Let g(h) = 3*h**2 - 8*h + 27. Let w be g(v). What is the greatest common divisor of 93 and w?
31
Suppose 0 = 3*s - 177 + 21. What is the highest common divisor of 2548 and s?
52
Let h(o) = o**2 - 14*o - 190. Let b be h(-22). What is the highest common factor of 4042 and b?
86
Suppose -m + 86*w + 110 = 82*w, -5*m = 2*w - 440. What is the greatest common divisor of 2190 and m?
30
Suppose x - 3*v = 86, 0 = 4*x + 4*v + 559 - 871. What is the greatest common divisor of x and 5824?
16
Let p(d) be the third derivative of -d**6/120 - 17*d**5/60 - 13*d**4/12 + 8*d**3/3 + 42*d**2. Let m be p(-16). What is the highest common divisor of m and 11?
11
Suppose 106272 = 17064*y - 17016*y. Calculate the greatest common factor of 486 and y.
54
Let x be (-4)/(-22) - (6 + (-256)/44). Suppose x = 5*l - 11*l + 336. What is the highest common divisor of l and 7?
7
Suppose -9*c = -4*c - 4500. Suppose 0 = -7*k - 5*k + c. What is the greatest common factor of k and 3?
3
Let i(c) = 6*c - 2. Suppose 96 = -4*p + 12*p. Let v be i(p). Suppose 0 = 2*d - 4, v = 2*n + d + 2. Calculate the highest common divisor of 3 and n.
3
Let a be (-45)/3 + (-1624)/(-112) + (-226)/(-4). Calculate the highest common divisor of a and 2648.
8
Let l(t) = -6*t + 134. Suppose 2*j - 4*y - 60 = 0, -84 + 0 = -4*j - y. Let o be l(j). Calculate the highest common factor of o and 27.
1
Let d be 6117 - 21/((-252)/24). Calculate the highest common factor of 29 and d.
29
Let h(f) = -4*f**3 - f**2 + 5*f - 3. Let r be h(-2). Suppose r*v + 64 = 16*v. What is the highest common factor of 144 and v?
16
Let m(l) = -l**3 - 28*l**2 - 32*l - 83. Let q be m(-27). Calculate the highest common factor of q and 48256.
52
Suppose -3*t - 14*d + 16*d + 74 = 0, -128 = -5*t + 4*d. What is the highest common divisor of 1324 and t?
4
Suppose m + a - 5555 = 0, -6319 = -m + 5*a - 782. Calculate the highest common divisor of m and 96.
16
Let z be 13 - (-8)/((-40)/(-55)). Calculate the highest common factor of 204 and z.
12
Suppose 5*n + 28 = n. Let o be (4 + n)*(-80)/6. Let l be (357/238)/(9/48). What is the greatest common divisor of l and o?
8
Let v be ((-6)/5)/(((-9)/4)/(-81 + 111)). What is the highest common factor of 37 and v?
1
Let a = -478 + 822. Let u = -125 - -133. Calculate the greatest common factor of a and u.
8
Let f be (6 + 0 + 6)/((-4)/(-6)). Suppose 2*d + 6 = f. Let b be (d/10)/((-3)/(-1140)*4). Calculate the greatest common divisor of 19 and b.
19
Suppose -29*h + 368 = -31*h. Let l = h + 319. Suppose -4*z + 10 = 2*v, -3*v + 6*v - 3*z = 60. Calculate the highest common divisor of v and l.
15
Let x(v) = v**3 - 5*v**2 - 6*v + 8. Let o be x(6). Suppose -s = q - 12, -3*s - o